 16) to base 9.
244
What is -ec (base 16) in base 2?
-11101100
What is -2122 (base 3) in base 15?
-4b
-21 (base 15) to base 14
-23
Convert -2 (base 9) to base 16.
-2
13 (base 11) to base 16
e
10 (base 8) to base 11
8
Convert 29 (base 11) to base 16.
1f
33 (base 7) to base 13
1b
Convert -17 (base 16) to base 3.
-212
Convert -3 (base 15) to base 13.
-3
1 (base 16) to base 3
1
-1 (base 11) to base 7
-1
What is -1b (base 14) in base 5?
-100
Convert 5 (base 9) to base 12.
5
-1 (base 5) to base 10
-1
78 (base 13) to base 6
243
Convert -126 (base 10) to base 15.
-86
What is 67 (base 8) in base 13?
43
Convert -4 (base 5) to base 16.
-4
Convert 101110 (base 2) to base 13.
37
Convert -76 (base 8) to base 6.
-142
100 (base 7) to base 6
121
-11 (base 2) to base 12
-3
What is -39 (base 14) in base 7?
-102
Convert -2 (base 6) to base 14.
-2
Convert -36 (base 11) to base 3.
-1110
What is 10000101 (base 2) in base 4?
2011
-14 (base 15) to base 3
-201
Convert -2 (base 16) to base 11.
-2
What is 83 (base 11) in base 2?
1011011
-7 (base 8) to base 13
-7
Convert 8 (base 15) to base 13.
8
Convert -108 (base 15) to base 3.
-22122
Convert 94 (base 12) to base 16.
70
What is -24 (base 9) in base 2?
-10110
Convert -30 (base 15) to base 4.
-231
Convert -a8 (base 14) to base 8.
-224
What is 2 (base 15) in base 4?
2
112 (base 3) to base 13
11
0 (base 3) to base 13
0
Convert 1 (base 15) to base 10.
1
Convert -11 (base 10) to base 11.
-10
212 (base 3) to base 10
23
What is -67 (base 11) in base 9?
-81
What is -42 (base 7) in base 16?
-1e
What is -21 (base 4) in base 11?
-9
Convert 2 (base 14) to base 16.
2
Convert -543 (base 6) to base 11.
-179
What is 26 (base 7) in base 6?
32
What is -144 (base 8) in base 15?
-6a
What is -35 (base 12) in base 2?
-101001
What is 5 (base 12) in base 15?
5
15 (base 13) to base 3
200
What is -85 (base 9) in base 7?
-140
2 (base 6) to base 11
2
What is -1112 (base 3) in base 12?
-35
What is -10312 (base 4) in base 8?
-466
33 (base 4) to base 10
15
What is -13b (base 14) in base 6?
-1053
Convert -4c (base 14) to base 7.
-125
Convert -22002 (base 3) to base 2.
-11011010
-3b (base 14) to base 7
-104
4 (base 10) to base 3
11
What is -10 (base 7) in base 11?
-7
Convert -2 (base 4) to base 12.
-2
What is -3 (base 9) in base 15?
-3
-60 (base 9) to base 15
-39
Convert -2 (base 9) to base 11.
-2
Convert 1 (base 15) to base 11.
1
-9 (base 15) to base 12
-9
What is 5 (base 7) in base 8?
5
0 (base 14) to base 3
0
What is 61 (base 12) in base 8?
111
16 (base 11) to base 8
21
-4 (base 5) to base 13
-4
What is 169 (base 10) in base 12?
121
Convert 10001 (base 2) to base 3.
122
Convert 6 (base 12) to base 6.
10
Convert -212 (base 4) to base 3.
-1102
-1011 (base 3) to base 13
-25
3 (base 8) to base 12
3
Convert -204 (base 6) to base 12.
-64
What is -203 (base 5) in base 15?
-38
Convert -400 (base 5) to base 4.
-1210
What is 4 (base 13) in base 9?
4
Convert -7 (base 12) to base 6.
-11
0 (base 6) to base 14
0
What is -89 (base 10) in base 4?
-1121
Convert 7 (base 8) to base 11.
7
What is 22 (base 3) in base 5?
13
What is -39 (base 11) in base 13?
-33
What is -2 (base 12) in base 3?
-2
Convert 97 (base 11) to base 8.
152
Convert -21 (base 3) to base 13.
-7
-123 (base 7) to base 2
-1000010
What is 1244 (base 5) in base 15?
d4
Convert 3 (base 10) to base 12.
3
Convert -2 (base 3) to base 4.
-2
Convert -2 (base 6) to base 8.
-2
Convert 10112 (base 3) to base 2.
1011111
What is 27 (base 15) in base 2?
100101
Convert -b5 (base 13) to base 2.
-10010100
-5 (base 12) to base 5
-10
-1110100 (base 2) to base 9
-138
Convert 120 (base 13) to base 6.
523
What is 8 (base 13) in base 12?
8
Convert -4 (base 8) to base 11.
-4
What is 20 (base 3) in base 16?
6
What is 10 (base 4) in base 3?
11
Convert 3 (base 9) to base 3.
10
-5 (base 8) to base 16
-5
What is -1 (base 14) in base 6?
-1
1 (base 14) to base 13
1
What is 101 (base 6) in base 12?
31
36 (base 15) to base 9
56
46 (base 13) to base 14
42
Convert -4 (base 14) to base 12.
-4
10 (base 15) to base 3
120
Convert -3 (base 10) to base 16.
-3
Convert -2 (base 8) to base 12.
-2
What is 5 (base 10) in base 12?
5
0 (base 12) to base 5
0
-5 (base 14) to base 9
-5
What is -9 (base 15) in base 3?
-100
2 (base 12) to base 10
2
What is -39 (base 14) in base 13?
-3c
-8 (base 12) to base 6
-12
Convert -1111 (base 2) to base 4.
-33
Convert 1 (base 14) to base 16.
1
Convert 51 (base 13) to base 5.
231
Convert 1000 (base 2) to base 14.
8
Convert 2 (base 7) to base 13.
2
What is 21 (base 8) in base 16?
11
What is -1 (base 10) in base 12?
-1
What is 11 (base 8) in base 6?
13
What is 11 (base 4) in base 7?
5
-13 (base 14) to base 13
-14
What is 50 (base 6) in base 2?
11110
102 (base 13) to base 2
10101011
What is d2 (base 16) in base 4?
3102
8 (base 14) to base 3
22
-22 (base 13) to base 16
-1c
-1000101 (base 2) to base 5
-234
Convert 0 (base 12) to base 2.
0
What is 310 (base 4) in base 12?
44
-341 (base 5) to base 14
-6c
Convert 13 (base 7) to base 8.
12
-40 (base 6) to base 12
-20
What is 1 (base 5) in base 2?
1
Convert b (base 13) to base 9.
12
Convert -5 (base 9) to base 2.
-101
d9 (base 16) to base 9
261
What is 40 (base 9) in base 7?
51
What is -194 (base 14) in base 16?
-146
-15 (base 8) to base 11
-12
Convert 25 (base 11) to base 4.
123
What is -22 (base 10) in base 9?
-24
What is 1 (base 15) in base 12?
1
What is 15 (base 9) in base 7?
20
What is -6 (base 10) in base 8?
-6
-4 (base 10) to base 12
-4
Convert 1111 (base 2) to base 3.
120
Convert 11000 (base 2) to base 8.
30
What is 208 (base 14) in base 12?
294
Convert -1010110 (base 2) to base 16.
-56
Convert 44 (base 6) to base 10.
28
Convert -e (base 16) to base 8.
-16
Convert -10 (base 10) to base 16.
-a
2 (base 11) to base 5
2
4 (base 12) to base 6
4
What is 1354 (base 6) in base 16?
166
What is 77 (base 10) in base 15?
52
Convert -2 (base 13) to base 3.
-2
What is -1 (base 11) in base 7?
-1
Convert -4d (base 16) to base 10.
-77
What is -3 (base 16) in base 13?
-3
-26 (base 16) to base 4
-212
Convert 11 (base 3) to base 5.
4
0 (base 5) to base 8
0
What is -80 (base 13) in base 7?
-206
2 (base 9) to base 12
2
-16 (base 12) to base 15
-13
What is 1 (base 12) in base 16?
1
What is 72 (base 9) in base 12?
55
411 (base 5) to base 11
97
8e (base 16) to base 7
262
What is 3 (base 4) in base 2?
11
Convert 2 (base 8) to base 9.
2
5 (base 11) to base 8
5
Convert 6 (base 13) to base 2.
110
What is 22 (base 8) in base 7?
24
2 (base 12) to base 14
2
What is 16 (base 13) in base 5?
34
-72 (base 9) to base 7
-122
What is 131 (base 4) in base 15?
1e
What is 36 (base 13) in base 4?
231
What is -a (base 11) in base 4?
-22
0 (base 2) to base 4
0
What is 11 (base 8) in base 15?
9
What is 175 (base 8) in base 2?
1111101
What is -201 (base 11) in base 14?
-135
Convert -12121 (base 3) to base 4.
-2113
What is 78 (base 14) in base 13?
82
What is -2 (base 5) in base 16?
-2
Convert -11 (base 4) to base 11.
-5
What is -202 (base 4) in base 15?
-24
5 (base 10) to base 15
5
-243 (base 5) to base 13
-58
-1 (base 3) to base 14
-1
Convert c (base 15) to base 2.
1100
-1 (base 13) to base 12
-1
What is -25 (base 6) in base 15?
-12
Convert 2 (base 6) to base 7.
2
-4 (base 10) to base 9
-4
What is 53 (base 6) in base 14?
25
-1 (base 3) to base 5
-1
Convert -3 (base 5) to base 16.
-3
2 (base 3) to base 16
2
What is 8 (base 15) in base 14?
8
-27 (base 15) to base 14
-29
96 (base 14) to base 11
110
-2 (base 5) to base 16
-2
What is -3 (base 6) in base 14?
-3
What is 7 (base 16) in base 12?
7
What is 27 (base 12) in base 2?
11111
-101010100 (base 2) to base 4
-11110
-92 (base 12) to base 2
-1101110
Convert 10001001 (base 2) to base 11.
115
What is 4 (base 11) in base 15?
4
What is -a (base 16) in base 4?
-22
Convert 2a (base 11) to base 8.
40
What is 1122 (base 5) in base 14?
b8
What is -11 (base 2) in base 8?
-3
Convert 25 (base 13) to base 15.
21
1 (base 13) to base 6
1
-b4 (base 14) to base 12
-112
32 (base 11) to base 10
35
Convert 2 (base 11) to base 16.
2
Convert 7 (base 12) to base 3.
21
Convert -1010 (base 2) to base 6.
-14
Convert 1 (base 8) to base 9.
1
What is -14 (base 9) in base 15?
-d
1 (base 15) to base 12
1
Convert -11 (base 3) to base 16.
-4
4 (base 12) to base 3
11
Convert 13 (base 7) to base 15.
